e
Is 764528407 prime?
False
Is 29855851 prime?
False
Is 28583515729 a composite number?
False
Is 1277125037 a composite number?
True
Is 677538283 a composite number?
False
Is 32928784781 a composite number?
False
Is 109669312351 composite?
False
Is 1465086647 a prime number?
False
Is 22916971547 a prime number?
True
Is 639498347 a prime number?
True
Is 2593455797 a prime number?
False
Is 367086278069 a composite number?
True
Is 2718815573 prime?
False
Is 23382243406 composite?
True
Is 107177808953 prime?
True
Is 4062210407 composite?
False
Is 2655858029 prime?
False
Is 9607514821 prime?
False
Is 2689569319 prime?
False
Is 38638962931 composite?
False
Is 467513831 a composite number?
False
Is 71109507137 a composite number?
False
Is 96010368577 composite?
True
Is 464407187 a composite number?
True
Is 61077449101 composite?
False
Is 9140197811 prime?
True
Is 1298834773 a composite number?
False
Is 266545451 a prime number?
True
Is 256553779 a prime number?
True
Is 1652081173 composite?
False
Is 5466261623 prime?
False
Is 16121157643 prime?
False
Is 103279610807 prime?
True
Is 4630571047 a composite number?
False
Is 18563343481 prime?
True
Is 808611541 a prime number?
False
Is 4673857721 composite?
True
Is 433716617 prime?
True
Is 23315938219 a prime number?
False
Is 28421277317 prime?
True
Is 24275001383 prime?
True
Is 8644155271 a prime number?
False
Is 11174237557 a prime number?
False
Is 2764100993 composite?
False
Is 3022423577 a prime number?
True
Is 19878001303 prime?
True
Is 829720399 prime?
True
Is 1187071573 composite?
True
Is 492165571 composite?
False
Is 260770346 a composite number?
True
Is 19461585443 composite?
False
Is 3121713839 a composite number?
False
Is 18591068627 a composite number?
True
Is 1901626331 prime?
False
Is 25772129137 a prime number?
True
Is 31861334429 composite?
False
Is 1333585021 composite?
True
Is 44426762177 prime?
False
Is 137217291601 a composite number?
True
Is 1126191637 a composite number?
False
Is 929621267 a composite number?
False
Is 13360119509 a composite number?
True
Is 21109467791 prime?
True
Is 10532124919 a composite number?
False
Is 10876441651 prime?
True
Is 41207313233 a prime number?
False
Is 43469961853 composite?
True
Is 3456682967 prime?
True
Is 109745231887 composite?
False
Is 66918860941 composite?
True
Is 1481905151 composite?
True
Is 32211727 a prime number?
False
Is 37584277499 prime?
True
Is 680453881 a composite number?
False
Is 77005267 a composite number?
True
Is 63619535589 composite?
True
Is 34906408939 prime?
True
Is 89401137695 composite?
True
Is 20790627383 a composite number?
True
Is 142351921 composite?
False
Is 84797022953 a prime number?
True
Is 502414927 a prime number?
False
Is 1830890203 a composite number?
True
Is 13483315 prime?
False
Is 56713212454 composite?
True
Is 10087896407 prime?
False
Is 124974961 composite?
False
Is 1269696613 a composite number?
True
Is 455394313 a prime number?
False
Is 30791767057 composite?
False
Is 788642213 a prime number?
True
Is 3735251899 a composite number?
True
Is 7286262821 prime?
False
Is 1980414581 composite?
True
Is 52993765511 composite?
False
Is 102061753093 composite?
False
Is 70958366833 composite?
False
Is 100195973009 prime?
False
Is 8310163969 composite?
True
Is 2156260871 a composite number?
False
Is 7563071651 a prime number?
True
Is 147439949 a prime number?
False
Is 4092361279 a prime number?
True
Is 110595973 a composite number?
False
Is 46634627201 a composite number?
True
Is 86115128881 a prime number?
True
Is 35985617111 prime?
False
Is 8428734085 a prime number?
False
Is 1430939407 a prime number?
False
Is 602908283 composite?
False
Is 24349652263 prime?
True
Is 1919827517 a prime number?
False
Is 5459151883 composite?
True
Is 8517409 a composite number?
False
Is 1668650603 a composite number?
False
Is 95925067177 a composite number?
True
Is 624504151 prime?
True
Is 22451359193 a composite number?
False
Is 4594627 prime?
False
Is 19619946643 composite?
True
Is 3510638767 composite?
True
Is 2313714787 prime?
True
Is 89398990393 composite?
False
Is 45573882647 prime?
True
Is 95285933 a composite number?
True
Is 309521183 a prime number?
True
Is 937931011 a prime number?
False
Is 89385674023 composite?
True
Is 15070411315 composite?
True
Is 16683822109 prime?
False
Is 2599283417 a composite number?
False
Is 3851464817 a composite number?
False
Is 1200189317 prime?
True
Is 6885412889 a prime number?
True
Is 3068328533 a prime number?
True
Is 16506932419 a composite number?
False
Is 22464610139 prime?
False
Is 347004131 composite?
False
Is 40021268123 a prime number?
True
Is 836968841 a prime number?
False
Is 916284773 a composite number?
True
Is 6217077857 composite?
False
Is 763611503 a prime number?
False
Is 1152183581 a composite number?
True
Is 246389579 composite?
False
Is 497624783 a composite number?
False
Is 3176357199 a composite number?
True
Is 17562759659 a prime number?
True
Is 168841979 a prime number?
True
Is 150431161 composite?
True
Is 2306179363 composite?
False
Is 4427640274 prime?
False
Is 45195701 composite?
False
Is 14141936443 a composite number?
False
Is 9538111487 prime?
True
Is 623259895 a prime number?
False
Is 792306299 a prime number?
True
Is 86196129711 composite?
True
Is 36800537093 a prime number?
True
Is 822568219 composite?
True
Is 11024009317 prime?
False
Is 92898582914 prime?
False
Is 210231467 a prime number?
True
Is 82548165793 prime?
False
Is 95418051719 a prime number?
True
Is 415786109 prime?
True
Is 4532804659 a prime number?
False
Is 2717781383 a composite number?
True
Is 15454768291 a prime number?
True
Is 2602818083 a composite number?
True
Is 2694254611 a composite number?
False
Is 228463589 a composite number?
False
Is 5402469981 prime?
False
Is 8539738745 composite?
True
Is 293274613 composite?
True
Is 5733776753 a prime number?
False
Is 1585166117 prime?
True
Is 104731355901 prime?
False
Is 65501651 a prime number?
True
Is 21391086049 a composite number?
False
Is 44172749 prime?
False
Is 933559937 composite?
False
Is 1227958679 a prime number?
True
Is 41376147707 composite?
False
Is 4619734051 prime?
False
Is 4576129 a prime number?
False
Is 2602501481 composite?
True
Is 2242719977 a composite number?
True
Is 124390957 a prime number?
False
Is 8487560911 prime?
True
Is 24302995801 a prime number?
False
Is 3377369045 composite?
True
Is 609529757 a prime number?
True
Is 174656711 prime?
False
Is 34820210627 a composite number?
False
Is 57393862223 prime?
True
Is 3823085923 a prime number?
False
Is 6858088169 composite?
False
Is 1225298299 composite?
True
Is 24630830929 composite?
True
Is 492856787 a composite number?
False
Is 279165785 a composite number?
True
Is 42345739471 composite?
True
Is 26155711 a composite number?
False
Is 82583009 a composite number?
True
Is 3591212993 prime?
True
Is 11257006307 composite?
True
Is 36706814189 prime?
False
Is 10800941 a composite number?
False
Is 1185311683 composite?
True
Is 25778270933 a prime number?
False
Is 879455351 a prime number?
True
Is 6775600129 a composite number?
False
Is 2216265929 a prime number?
True
Is 392445023 composite?
True
Is 2365197521 a composite number?
False
Is 1145124217 prime?
True
Is 35043610783 prime?
True
Is 7454057407 prime?
False
Is 218444437 a prime number?
True
Is 68475904279 a prime number?
True
Is 1713068741 a prime number?
True
Is 79186434049 composite?
True
Is 258580349 a prime number?
False
Is 4927674233 a prime number?
True
Is 78753405629 a prime number?
False
Is 689258447 a prime number?
True
Is 5430354262 composite?
True
Is 511343251 prime?
False
Is 1085042597 a prime number?
True
Is 21268892371 composite?
False
Is 27379343389 a prime number?
True
Is 1060223601 prime?
False
Is 4534866638 a composite number?
True
Is 60143727311 prime?
True
Is 1979392633 a composite number?
True
Is 7094098213 composite?
True
Is 914451119 composite?
False
Is 4354307 a composite number?
False
Is 1841759971 a composite number?
False
Is 7268858873 a prime number?
True
Is 18103444043 a composite number?
True
Is 6538452703 a composite number?
True
Is 296381602397 prime?
True
Is 109791301129 a composite number?
False
Is 3510143177 prime?
True
Is 34266303017 a composite number?
False
Is 21561702083 compos